
-4
Let c = -5951/24 + 248. Let n(f) be the third derivative of 0*f**3 + 0*f**5 + 0*f - 3*f**2 + 1/40*f**6 + 0 - c*f**4. What is n(-1)?
-2
Let u(s) = s**3 + 11*s**2 - s - 9. Let a be u(-11). Let t(m) = 4*m**2 - 6*m + m**2 + 2 - 4*m**2 - 2*m**a. Give t(-5).
7
Let h = -35 + 17. Let i be (-78)/h + (-4)/(-6). Let z(v) = -1 - 3 - v - 2 + i. Determine z(-5).
4
Suppose 2*d - 13 = o, -2*d + 5*d = -3*o + 24. Let n = d - 0. Let t(i) = -i**2 - i + 8*i - i - n. Determine t(5).
-2
Let v(y) = y**2 - 5*y + 2. Suppose 5*c = c - 2*t + 10, -2*c + 5*t = -35. Let a(b) = -4*b - 3. Let x be a(-2). Suppose -n = -x*z + 2*z - 1, c*z = 5. Give v(n).
-2
Let b(w) = w + 14. Let u be b(-11). Suppose -f = 3*j - 16, j - u = 3*f - 11. Let k(r) = -3*r + 1. What is k(f)?
-11
Let r(l) = -l**3 - 7*l**2 + 8*l - 3. Let b = 0 - 8. Calculate r(b).
-3
Let q(r) = r**2 - 2*r - 4. Let o be (9/3 - 6) + -4 + 11. Give q(o).
4
Let n(x) = -7*x + 14. Let l be n(2). Let u(y) = -y - 1. Calculate u(l).
-1
Suppose 5*a - 48 = -a. Let s(u) = u**3 - 8*u**2 + 2*u - 10. What is s(a)?
6
Suppose 11*t = -7*t + 198. Let a(g) = -g + 7. Give a(t).
-4
Let z(r) = 8*r. Let i(f) = f**3 + 8*f**2 + f + 9. Let x be i(-8). Determine z(x).
8
Let c(q) = -q**2 + 8*q + 9. Let u be c(9). Suppose u = -0*n - 4*n. Let d(o) = 3 + o**3 + 3*o**2 + n*o + 0*o**2 - 2*o. Determine d(-3).
9
Let m(s) be the second derivative of -s**3/2 - 7*s**2/2 - 4*s. Let x(p) = -p - 1. Let b be 1/(-3) + 26/6. Let d be x(b). Determine m(d).
8
Let n(q) = 4*q**2 + 7*q + 3. Let s be n(-2). Let d(j) = -j + 4. Calculate d(s).
-1
Let y(n) = -2*n**2 - 2*n + 2. Suppose -3*a - 3*t = -5*a - 7, -4*a - 2*t + 26 = 0. Suppose 2*k = a*g - 3 - 5, 4*k = g + 5. Give y(k).
-10
Let b(r) = -16*r**2 + 9*r + 10. Let m(q) = 3*q**2 - 2*q - 2. Let w(c) = -2*b(c) - 11*m(c). Give w(4).
2
Let t(m) be the second derivative of -3*m**5/10 + m**4/6 + m**3/3 + m**2/2 - 6*m. What is t(-1)?
7
Let l(f) be the third derivative of f**5/20 + f**3/6 + 3*f**2. Let i(x) be the first derivative of l(x). Determine i(-1).
-6
Let x(j) = j**3 + 3*j**2 - 6*j - 3. Suppose -9 = -k - 0*k - m, m - 2 = 0. Let d = -11 + k. Let s be x(d). Let n(a) = a**3 - 4*a**2 - 6*a + 5. What is n(s)?
0
Let t be 5/2 + 1/(-2). Let q(x) = -2*x**2 + 2*x - 2. What is q(t)?
-6
Let f(o) be the second derivative of -o**5/20 - o**2/2 + 3*o. Let k be f(1). Let h(i) = 3*i. Determine h(k).
-6
Suppose -u - 3*u - 8 = 0. Let h(f) = -f**2 + 4*f + 2. Let l(p) = -p**2 - p. Let w(q) = u*l(q) + h(q). What is w(-5)?
-3
Suppose 17*m - 60 = 12*m. Let s(b) = b**2 - 11*b - 11. What is s(m)?
1
Let k(m) = m**3 + 5*m**2 + m + 7. Let p be k(-5). Let c be p/(-8) - 17/(-4). Let y(b) = 1 + 3 + 100*b - 102*b. Determine y(c).
-4
Suppose -k = 3 + 1. Let f = k + 4. Let x(q) = -5*q**2 + 4*q**2 - 4 - q + 10. Calculate x(f).
6
Suppose 2*u - 3*r = -11, r - 7 = 5*u - u. Let t(k) = k**3 + 11*k**2 - 12*k - 5. Let b(s) = -s**2 + s + 1. Let j(i) = u*t(i) - 6*b(i). Determine j(-6).
-1
Let h(z) be the first derivative of -1/2*z**2 + 2 - 2*z. Let q be 2/(-13) - 250/65. Determine h(q).
2
Let q(t) = 8*t**2 - 2*t + 1. Let r(a) = a + 5. Let w be r(-4). Let o be 0 - w/(-3)*0. Suppose 5*n - 5 = -o. What is q(n)?
7
Let f(y) = -y**2 + 5*y**3 + 3*y + y**3 - 1 - 7*y**3 - 3*y**2. Determine f(-5).
9
Let m(v) = 4*v - 57. Let l be m(15). Let k(i) be the third derivative of i**4/8 + i**3/2 + i**2. Calculate k(l).
12
Let i(c) = -c + 1. Suppose 3*y + 3*w - 16 = y, y + 10 = 3*w. Suppose 0 = -3*g - 2*g - 5*u + 10, 0 = 2*g + 4*u - 10. Let a = y - g. Determine i(a).
-2
Let i = 62 - 63. Let a(n) = -6*n**3 + n + 1. Determine a(i).
6
Let b(r) = 6*r**3 - r**2 - r. Let f be b(-1). Let n(j) = -j**3 - 7*j**2 - 4*j + 8. What is n(f)?
-4
Let f be (2 - 4)*-1 + (-3)/(-3). Let g(d) = 2*d + 6. Let b(s) = s + 2. Let y(a) = -8*b(a) + 3*g(a). What is y(f)?
-4
Let y(a) = a. Let d(m) = 8*m + 2. Let r be d(-1). Determine y(r).
-6
Let m(r) be the first derivative of -r**2/2 - 7. What is m(-3)?
3
Let d = -1 + 7. Let r(p) = 5*p**3 - p - 4*p**3 - 6 - 5*p**2 - 4*p. Determine r(d).
0
Suppose -5 = -3*g + 4*g. Let j(z) = -5*z + 4. Let x(h) = -5*h + 3. Let o(a) = g*j(a) + 6*x(a). Calculate o(-3).
13
Let d(k) be the third derivative of k**6/120 - 2*k**5/15 + 7*k**4/24 + 2*k**3/3 + 6*k**2. What is d(7)?
4
Let v(j) = -25*j**3 + j + 1. Let a = 26 - 27. Calculate v(a).
25
Let f(v) be the third derivative of -v**4/24 + 5*v**3/2 - 21*v**2 + v. Determine f(9).
6
Let u(z) = -2*z**3 - z. Let t(r) = -3*r**3 + r**2 - 6*r + 1. Let d(y) = -t(y) + 4*u(y). Calculate d(1).
-5
Let i(v) = v**2 + 3*v + 3. Let g be i(-3). Let d be 5/((-2)/(-1) - g). Let z(w) = w - 5. Determine z(d).
-10
Suppose 0 = -4*q - 2*g, 16 = -0*q + 4*q - 2*g. Let m(p) = -2*p - 3. Let v(h) = -2*h - 4. Suppose -5*u = 10 + 15. Let w(b) = u*m(b) + 4*v(b). Determine w(q).
3
Let w(s) be the third derivative of 5/24*s**4 - 1/3*s**3 - 1/60*s**5 + s**2 + 0*s + 0. Determine w(4).
2
Let x be (28/(-6))/((-28)/42). Let y(i) = x - 2 + 0 + 3*i - 1. Calculate y(-3).
-5
Let h(v) = 3*v + 1. Suppose -2*u = -u + 3. Give h(u).
-8
Let a be ((-1)/((-5)/4))/(2/30). Let t(b) = -b + 17. Calculate t(a).
5
Let q = 4 + -1. Let s be 3*(q - (-10)/(-3)). Let f(a) = -5*a. Calculate f(s).
5
Let m(s) be the first derivative of s**3/3 - s**2/2 - s - 3. Let k(v) be the first derivative of m(v). Give k(-5).
-11
Let l = 8 + -15. Let z = -6 - l. Let f(p) = 2*p - 2*p - z - p. Determine f(-4).
3
Let b(k) be the second derivative of k**3/3 - 3*k**2/2 - 5*k. Calculate b(4).
5
Let n(h) = 3*h**3 - 2*h**2 - 2*h. Let p(o) = -2*o**3 + 2*o**2 + 3*o. Let s(b) = 4*n(b) + 3*p(b). Let m = 27 + -25. Suppose 14*l = 12*l + m. Give s(l).
5
Let z be 9/3 + (-1 - 2). Let r(m) = 0 + 4 - m**2 - m + z*m**2. Calculate r(0).
4
Let i = 1 - -6. Let u(r) = -r**3 + 7*r**2 + 2*r - 3. What is u(i)?
11
Let v(x) = 8*x**3 + 2*x**2 - x. Let n = 3 + -4. Let a(m) = -m**2 - 3*m - 1. Let c be a(n). What is v(c)?
9
Let k be 198/63 + (-2)/14. Let x(d) = 2*d**2 - 5*d + 3. What is x(k)?
6
Let g be ((-2)/5)/(2/(-10)). Let q = 0 - -3. Let k(a) = -5*a - 1 + 0*a**2 - q - a**g. Determine k(-3).
2
Let o(c) = c**2 + 3*c + 2. Suppose 3*b - 32 = 4*f, -4*f + 0*f - 5*b = 0. Let g be 43/f - (-4)/(-10). Let j be (-33)/9 + 3/g. Determine o(j).
6
Suppose 0 = -3*u + 2 + 7. Suppose -d - 10 = -u*d. Let b(y) = 3*y**2 - y + 2 - 7*y**2 + y**3 - 5*y. Calculate b(d).
-3
Let m(s) = -2*s**2 - 4*s + 3*s**2 + 3 + 2*s**2. Let x(r) = 3*r - 7. Let t be x(3). Give m(t).
7
Suppose 1 + 3 = -2*z. Let v be z/3 - (-2)/3. Let t(k) = k**2 + 2*k - 1. Let m(p) = p**2 + 3*p - 1. Let w(c) = 2*m(c) - 3*t(c). Determine w(v).
1
Let n = 1 + -6. Let m(k) be the second derivative of -k**3/3 + 6*k**2 + 2*k. Let d(y) = -y + 11. Let s(z) = 3*d(z) - 2*m(z). Determine s(n).
4
Let d(c) = c**3 - 5*c**2 + c - 2. Let a(h) = -4*h**3 + 14*h**2 - 4*h + 5. Let q(x) = -2*a(x) - 7*d(x). Let s be q(-7). Let m(y) = -y - 3. What is m(s)?
0
Let j(o) = 2*o + 4. Let x = 31 + -28. Give j(x).
10
Suppose 0 = -0*s - 4*s + 88. Let b(o) = 10*o - s*o - 9 - o**2 + 11*o. Give b(0).
-9
Suppose -s - 162 = -28*s. Let q(c) = c**2 - 5*c - 2. What is q(s)?
4
Let b(i) = -8*i**2 - 18*i + 7. Let f(k) = -3*k**2 - 6*k + 2. Let j(h) = -4*b(h) + 11*f(h). What is j(6)?
-6
Let r be 0 - (1 + -2 + -1). Let v = -40 - -46. Let t(p) = -10*p**2 + v*p**r - 2*p + p**3 + 2*p**2 - 3. Determine t(3).
0
Suppose -5*c = 16 - 6. Let j be (-2)/c + -19 + 0. Let q be 18/(-12) + j/(-4). Let a(n) = -n**2 + n. Give a(q).
-6
Let c(f) = 9*f - 7*f - 3 - 7*f. Let j = 3 + -5. Calculate c(j).
7
Let d(m) = -1 + 0 - 6 + 31*m - 34*m. Calculate d(-6).
11
Suppose 0 = p - 3*g - 5 + 13, 16 = p + 3*g. Suppose p*l = 5*a - 0*a - 13, -4*a + 14 = -2*l. Let r(v) = -v**3 + 3*v**2 - v + 4. Determine r(l).
1
Let f(j) be the second derivative of j**5/20 + j**4/12 + 2*j**2 - 14*j. Calculate f(0).
4
Suppose f + 9 = -4*a, -3*f = -5*a - 6*f - 13. Let n(x) = 4*x**3 + 3 + 2*x**2 - 2 - 3*x**3. What is n(a)?
1
Suppose 2*o - 5*o = -33. Let l = o + -17. Let r(m) = m**2 + 6*m + 1. Calculate r(l).
1
Suppose -2*m - 2 = 5*y - 3*y, -2*y = 4*m + 10. Let d(i) be the first derivative of -2/3*i**3 + 3/2*i**2 + y + 3*i. Give d(3).
-6
Let q(z) = -12*z**2 + 35*z**2 - 14*z**2 - 10*z**2 - z. Determine q(0).
0
Let r(x) = 0 - 2 - 3*x**2 + x**2 - 3*x + x**2. Let v = -8 - -12. Suppose -h + 2 = -3